0. Determine d(-7).
-8
Let s(t) = 5*t - 35. Give s(6).
-5
Let v(k) = k**2 - 11*k + 17. What is v(9)?
-1
Let w(l) = -40*l - 32. What is w(-6)?
208
Let q(z) = -14*z - 6. Calculate q(-6).
78
Let q(v) = -v**3 + 3*v**2 - 7*v + 6. Give q(4).
-38
Let z(v) = -63*v + 320. Calculate z(5).
5
Let y(n) = -2*n**2 - 8*n - 14. What is y(-6)?
-38
Let j(y) = 17*y**2 - 3*y. Give j(1).
14
Let q(l) = l + 10. What is q(2)?
12
Let m(t) = -84*t - 243. Determine m(-3).
9
Let f(k) = 10*k - 16. Determine f(-8).
-96
Let r(u) = -12*u**3 + 1. What is r(-1)?
13
Let f(j) = 7*j - 11. Calculate f(-3).
-32
Let c(i) = i**3 - i**2 - 8*i. Determine c(4).
16
Let k(m) = -m**3 - 9*m**2 - 13*m - 16. What is k(-7)?
-23
Let g(w) = w**3 - w**2 + 8*w - 15. Calculate g(0).
-15
Let r(f) = f**2 + 20*f + 15. What is r(-16)?
-49
Let d(o) = o**3 - 8*o**2 + 3*o + 4. Give d(3).
-32
Let b(t) = -7*t**2 + 23*t - 2. Give b(3).
4
Let q(g) = 2*g**3 + 3*g**2 - 10*g - 8. Give q(-4).
-48
Let w(l) = -4*l - 1. Determine w(-3).
11
Let j(p) = -p**3 + 3*p**2 + 10*p - 4. What is j(5)?
-4
Let y(r) = -19*r - 125. What is y(-7)?
8
Let r(f) = -24*f**3 - 2*f**2 + 2*f - 1. Determine r(1).
-25
Let p(k) = k**3 + 4*k**2 - 58*k + 18. Give p(-10).
-2
Let u(s) = s**2 + 2*s - 15. What is u(-6)?
9
Let c(t) = 20*t - 6. Determine c(2).
34
Let o(n) = n + 11. What is o(13)?
24
Let h(z) = -z**3 + 7*z**2 + 10*z - 6. Give h(8).
10
Let a(n) = n**3 - 8*n**2 - n. Give a(8).
-8
Let l(k) = -7*k + 6. Calculate l(6).
-36
Let y(b) = 5*b**3 - 4*b + 5. What is y(2)?
37
Let v(i) = 8*i**2 + 27*i - 25. Determine v(-4).
-5
Let f(p) = 6*p - 22. What is f(4)?
2
Let r(m) = m**3 + 29*m**2 + 52*m - 54. Calculate r(-27).
0
Let b(m) = -9*m - 51. Calculate b(-5).
-6
Let l(x) = 12*x**3 + 2*x**2 + 2*x + 1. What is l(-1)?
-11
Let q(c) = c + 3. What is q(12)?
15
Let t(c) = -c**3 + 16*c**2 + 20*c - 39. Give t(17).
12
Let y(x) = x**2 + 12*x + 14. What is y(-4)?
-18
Let u(b) = -b**3 + b**2 - 43. Calculate u(0).
-43
Let d(b) = b. What is d(0)?
0
Let d(u) = -15*u - 33. Determine d(-4).
27
Let z(q) = -2*q**3 + 3*q**2 - q + 1. What is z(2)?
-5
Let i(f) = -f**3 - 12*f**2 - 36*f - 1. Give i(-7).
6
Let l(r) = 89*r + 101. Determine l(-1).
12
Let u(g) = g**3 - 5*g**2 - 4*g + 4. Give u(6).
16
Let h(m) = m + 6. What is h(8)?
14
Let t(v) = v + 18. Determine t(-9).
9
Let a(t) = -t**2 + 7*t - 4. Calculate a(2).
6
Let y(i) = -i**2 - 4*i + 4. What is y(-5)?
-1
Let x(u) = -2*u + 4. What is x(6)?
-8
Let k(p) = p**3 + 19*p**2 + 77*p - 16. Calculate k(-13).
-3
Let i(n) = 9*n - 3. What is i(-3)?
-30
Let s(d) = -d**3 - 9*d**2 - 13*d - 14. Give s(-7).
-21
Let h(o) = 2*o**3 - 3*o**2 - 2*o + 6. Give h(2).
6
Let b(m) = 10*m. Calculate b(2).
20
Let r(l) = -5*l - 6. What is r(10)?
-56
Let y(x) = x**2 - x. Determine y(2).
2
Let d(l) = 4*l - 10. Calculate d(3).
2
Let b(f) = f**3 - 2*f**2 + f + 3. What is b(3)?
15
Let x(l) = l - 7. Give x(-9).
-16
Let b(i) = -2*i - 10. Give b(-2).
-6
Let j(c) = 13*c + 259. Calculate j(-20).
-1
Let s(w) = -w**3 + 10*w**2 + 37*w - 12. Calculate s(-3).
-6
Let h(u) = u - 6. What is h(17)?
11
Let b(d) = -d**3 - 15*d**2 - 14*d - 3. What is b(-14)?
-3
Let c(v) = -v**2 - 12*v + 21. What is c(-13)?
8
Let l(u) = 2*u**3 + 22*u**2 + 11*u - 90. Determine l(-10).
0
Let w(n) = -n**2 - 3*n + 12. Determine w(-8).
-28
Let d(l) = l**3 + 4*l**2 + 2. Calculate d(-3).
11
Let m(d) = 4*d - 23. Give m(6).
1
Let t(a) = -3*a + 19. What is t(7)?
-2
Let t(i) = -i**3 + 12*i**2 - i - 7. What is t(12)?
-19
Let d(a) = a**3 + 5*a**2 + 3*a + 8. Calculate d(-4).
12
Let t(a) = 2*a**2 + 14*a - 6. What is t(-7)?
-6
Let c(v) = 23*v**3 - v**2 + v. Calculate c(-1).
-25
Let q(t) = 22*t - 77. Determine q(3).
-11
Let w(b) = -b**3 + 8*b**2 - b - 24. Calculate w(7).
18
Let v(o) = -o**3 + 15*o**2 - 32*o - 55. Calculate v(12).
-7
Let l(x) = x**2 + x - 4. What is l(3)?
8
Let z(u) = -u**2 - 5*u + 5. Calculate z(-8).
-19
Let n(u) = -u - 27. What is n(8)?
-35
Let a(t) = 2*t - 24. Give a(9).
-6
Let t(n) = 3*n**3 + 3*n**2 - 4*n - 3. Give t(-3).
-45
Let v(z) = 4*z + 24. Determine v(-8).
-8
Let r(n) = 2*n**2 - 10*n + 4. What is r(7)?
32
Let w(k) = k**2 - 13*k + 7. Calculate w(12).
-5
Let y(k) = -k**2 + k - 17. Calculate y(0).
-17
Let y(c) = -c**2 - 10*c + 14. What is y(-9)?
23
Let c(p) = -6*p**2 + 135*p - 57. Determine c(22).
9
Let w(j) = 24*j - 2. What is w(1)?
22
Let l(p) = 6*p - 5. Calculate l(3).
13
Let d(q) = -3*q + 54. Give d(16).
6
Let o(m) = -m**3 + 10*m**2 - 10*m + 63. Give o(10).
-37
Let v(d) = -d**3 - d**2 + 2*d + 2. What is v(0)?
2
Let z(c) = -c**3 - 19*c**2 - 18*c - 23. What is z(-18)?
-23
Let b(s) = -s**2 - 7*s + 37. What is b(-10)?
7
Let j(y) = 56*y + 223. Calculate j(-5).
-57
Let g(z) = -z + 8. Determine g(4).
4
Let x(a) = -a**3 + 10*a**2 + 9*a + 10. Determine x(11).
-12
Let q(j) = 2*j**3 + 8*j + 5. What is q(-2)?
-27
Let o(t) = t**2 + 15*t - 10. Determine o(-16).
6
Let u(d) = d**3 + 22*d**2 + 38*d - 3. What is u(-2)?
1
Let n(o) = o**3 + o**2 - 6*o + 4. What is n(-3)?
4
Let d(x) = -x + 4. What is d(10)?
-6
Let v(t) = 2*t + 2. Determine v(-4).
-6
Let q(i) = 2*i**2 - 11*i + 12. Determine q(4).
0
Let p(r) = r**3 + 3*r**2 - 4*r - 8. Calculate p(-4).
-8
Let k(u) = 2*u**2 + 45*u + 121. Calculate k(-20).
21
Let r(g) = -41*g + 1800. Determine r(44).
-4
Let d(y) = 4*y + 36. What is d(-9)?
0
Let y(o) = -o + 21. Give y(23).
-2
Let g(h) = 2*h**2 - 36*h - 42. Give g(19).
-4
Let j(t) = -t**3 + 5*t**2 - 7*t. Determine j(5).
-35
Let x(h) = -h**3 + 11*h**2 + 4. Determine x(11).
4
Let d(z) = z**3 - 11*z**2 + 5*z - 12. Calculate d(11).
43
Let j(r) = -16*r - 1. Determine j(2).
-33
Let y(d) = 8*d - 4. Determine y(2).
12
Let l(u) = -u**3 - 11*u**2 + 14*u + 28. Calculate l(-12).
4
Let u(d) = 2*d**2 - 8*d + 2. What is u(6)?
26
Let z(i) = 4*i + 5. Give z(-2).
-3
Let t(x) = 11*x + 109. Calculate t(-8).
21
Let g(b) = -6*b**2 - 5*b + 5. What is g(-3)?
-34
Let u(i) = i**3 - 4*i**2 + 3*i + 5. Calculate u(4).
17
Let h(g) = g**2 - 11*g + 43. What is h(8)?
19
Let m(f) = f**3 + 19*f**2 - 21*f + 14. Calculate m(-20).
34
Let t(b) = b**3 - 19*b**2 + 20*b - 36. What is t(18)?
0
Let c(m) = 2*m**3 + 9*m**2 + 16*m + 8. Determine c(-2).
-4
Let n(f) = f**3 - 7*f**2 - 2*f + 10. Give n(7).
-4
Let f(v) = v**3 - 10*v**2 + 2*v + 11. Calculate f(9).
-52
Let u(q) = 3*q**2 + 11*q + 22. Calculate u(-3).
16
Let h(p) = 9*p + 3. Determine h(-2).
-15
Let b(l) = -5*l**2 + 53*l - 11. Calculate b(11).
-33
Let n(i) = i**2 - 6*i - 28. Give n(9).
-1
Let c(w) = 9*w**2 + 2*w - 2. Give c(-3).
73
Let f(j) = 4*j - 2. Calculate f(0).
-2
Let n(f) = 5*f + 39. Give n(-7).
4
Let t(f) = -f**3 + 6*f**2 + 6*f + 2. What is t(7)?
-5
Let d(c) = -2*c - 5. Determine d(6).
-17
Let k(x) = -4*x - 6. What is k(1)?
-10
Let s(i) = -2*i - 5. Give s(-3).
1
Let u(n) = n**3 + n**2 - n + 1. Give u(-2).
-1
Let n(r) = r**2 - 15*r + 7. Give n(16).
23
Let v(o) = 22*o**3 - o**2 + 3*o + 3. Give v(-1).
-23
Let j(s) = -3*s**2 - 3*s + 24. Determine j(-4).
-12
Let p(z) = -18*z**2. Calculate p(-1).
-18
Let d(h) = 2*h**2 - 6*h - 17. Determine d(6).
19
Let c(m) = m**3 + 2*m**2 - 82*m + 8. Give c(8).
-8
Let v(j) = j**2 + 5*j + 17. Determine v(-8).
41
Let k(x) = x**3 - 12*x**2 + 16*x - 18. What is k(11)?
37
Let t(p) = p**3 + 11*p**2 - p - 10. Determine t(-11).
1
Let m(j) = j**3 - 14*j**2 + 10*j + 10. Calculate m(13).
-29
Let d(a) = -a**2 - 8*a + 6. Give d(-7).
13
Let o(s) = 11*s - 31. Give o(6).
35
Let c(z) = z**2 + 19*z + 20. Calculate c(-18).
2
Let j(a) = a - 5. What is j(-7)?
-12
Let r(s) = -s**3 - 8*s**2 + 22*s + 180. Determine r(-8).
4
Let q(r) = 24*r + 93. Give q(-4).
-3
Let r(z) = z + 7. What is r(-6)?
1
Let i(m) = 8*m**2 - 3*m - 4. Give i(-1).
7
Let t(w) = -6*w + 53. What is t(0)?
53
Let w(o) = -o**2 - 15*o + 11. Determine w(-15).
11
Let i(u) = -4*u**2 + 11*u - 36. Give i(5).
-81
Let y(a) = -a**2 - 21*a + 39. Calculate y(-23).
-7
Let t(w) = -4*w**3 + 3*w**2 - 6*w + 10. Determine t(3).
-89
Let j(i) = i**3 + 3*i**2 - 2*i - 1. What is j(-2)?
7
Let d(i) = -2*i**2 + 10*i - 6. Determine d(4).
2
Let b(r) = r**2 + 33*r + 255. Give b(-13).
-5
Let x(r) = 4*r + 10. Determine x(-2).
2
Let b(i) = i**2 + 16*i + 75. Determine b(-8).
11
Let w(l) = l**2 - 40*l - 36. Calculate w(41).
5
Let x(g) = 4*g**2 - 2*g - 1. Calculate x(-2).
19
Let f(y) = 4*y**2 + 3*y - 4. What is f(-3)?
23
Let t(w) = 6*w + 10. What 